 tens digit of f?
7
Suppose -3*y - 2*j = -y - 50, 2*y - 2*j - 50 = 0. What is the tens digit of y?
2
Suppose 95 - 235 = -4*t. Let l be ((-30)/t)/(2/(-14)). Suppose -f + l = f. What is the units digit of f?
3
Let z(v) = -v + 4. Let o = -5 + -2. What is the tens digit of z(o)?
1
Let j(a) = -5*a - 6. Suppose -4*h + 3*g - 23 = 0, 0 = -5*h - 3*g - 25 + 3. Let o be j(h). Let d = 32 - o. What is the units digit of d?
3
Let p = 142 - 113. What is the units digit of p?
9
Let m(y) = -y**2 - 16*y + 23. What is the tens digit of m(-16)?
2
Let g(d) = 15*d - 10. Let o(x) = -x + 17. Let f be o(13). What is the units digit of g(f)?
0
Let w = -32 - -56. What is the units digit of 54/w - 1/4?
2
Let u = 90 + -63. What is the units digit of u?
7
Let z = 30 + -20. What is the tens digit of z?
1
Let w(i) = 3*i**2 - i - 3. Let j = -3 + 0. Let l(g) = -4*g**2 + g + 2. Let c(r) = j*l(r) - 2*w(r). What is the units digit of c(-1)?
7
What is the units digit of 1 + 34/6 + 4/12?
7
Suppose y + 3*y = -8. Let k be y*(1/(-2) + -1). Suppose -2*v - 3*m = -1, 0 = k*v + m + m - 4. What is the units digit of v?
2
Let f(g) = -8*g + 2*g**2 - g**2 + 1 + g. Let s be f(7). What is the units digit of (-16)/6*(-4 + s)?
8
Suppose -2*n + k + 824 = 2*n, -3*n = 5*k - 595. What is the tens digit of n?
0
Let t = -1 - -4. What is the tens digit of 1*(-1)/t*-51?
1
Let z(f) = -2*f**2 - 2 + f**2 + 2*f**2 + 4 + 2*f. What is the tens digit of z(-4)?
1
Suppose -2*m = -0*m + 2. Let q = -5 + m. Let r = 12 + q. What is the units digit of r?
6
Suppose -3*p - 162 = -3*h, -4*h = -5*p + 75 - 294. What is the units digit of h?
1
Suppose -3*j = 4*c + 16, 3*c + 12 = -5*j + 4*j. Suppose 3*r - 2*r - 9 = j. Suppose 5*n - 13 = -x + r, 0 = 5*n + 3*x - 16. What is the units digit of n?
5
Suppose -2*u - 95 = -7*u. What is the tens digit of u?
1
Let h = -1 + 0. What is the units digit of (1*-3 - h)*-4?
8
What is the units digit of (2*9)/((-12)/(-18))?
7
What is the tens digit of (2 - -3) + -3 + (0 - -100)?
0
Suppose 5*g + 2 = -8. Let z(l) = 0*l**2 + 2*l**2 + 2 + 2*l + 0. What is the units digit of z(g)?
6
Suppose -2*b - b = 12. Let w(x) = x**2 - 4*x - 9. What is the tens digit of w(b)?
2
Suppose -5*g = -g. Suppose 3*u - 18 - 3 = g. What is the units digit of u?
7
Suppose -3*a + 13 = -3*x + a, 3*a = -5*x + 17. What is the units digit of x?
1
Suppose -3*v - 5*c + 19 = 0, -2*c = 2*v + 3*c - 16. What is the units digit of v?
3
Suppose 3*f - 4*m - 340 = 0, 25 - 5 = 4*m. What is the tens digit of f?
2
Let r(l) = l + 11. Let t be r(0). Let g(q) = 0*q - q**2 - 3 - 3*q + t*q. What is the tens digit of g(4)?
1
Let k(x) = x**2 + 7. What is the hundreds digit of k(13)?
1
Suppose 0 = -3*z - 612 + 1554. What is the units digit of z?
4
Let y = -7 - -30. What is the units digit of -4 + y + 0 + -2?
7
Suppose -10 = -4*i - i. Suppose 3*x = i - 8. What is the units digit of (-54)/12*4/x?
9
Suppose -7*l = -6*l. Suppose -h - 2*h + 111 = l. What is the units digit of h?
7
Let j = -4 - -6. What is the units digit of 3*j/6*8?
8
Let b(f) = f**3 + 3*f**2 - 8*f - 3. Let h be b(-5). Let r = h + 51. Suppose -5*u = -r - 22. What is the tens digit of u?
1
Let p(g) = -g**3 + 4*g**2 - g + 1. Let h be p(4). Suppose -15 = -5*i - 4*x, -4*x - x + 21 = 4*i. Let c = i - h. What is the units digit of c?
2
Suppose -4*s + 2*w = -6*s + 68, -2*w - 198 = -5*s. Let x = s + -53. What is the units digit of -2 + 2/((-2)/x)?
3
Let i be (-8)/32 + 109/4. Suppose -9 = 2*w + w, 4*w + i = -r. Let a = 27 + r. What is the units digit of a?
2
Let m(l) = l**3 - 7*l**2 - 5*l - 8. Let q be m(8). Suppose 88 = 4*z + q. Suppose 3*d + 3*h + 3 = z, 3*h = -4*d + 16. What is the units digit of d?
1
Suppose 0*v = v + 2*r + 2, -3*v - 2*r + 10 = 0. Let n(f) = v*f - 8 - 8 - 2*f - 2*f. What is the units digit of n(11)?
6
Let p(d) = 9*d**2 + d + 1. What is the units digit of p(-1)?
9
Let x(k) = -k**2 + 5*k - 2. Let u be x(3). Suppose 10 = 5*d, -u*d - 221 = -5*c + 16. What is the tens digit of c?
4
Let h(v) = -9*v - 8. What is the units digit of h(-2)?
0
Let n = -88 + 174. What is the units digit of n?
6
Suppose -p - 5*r - 23 = 0, 2*r = -2*p - r - 11. What is the units digit of p?
2
Let z(s) = -3*s - 2. Let f(c) = 3*c**3 + c**2 - c - 1. Let u be f(-1). What is the units digit of z(u)?
4
Let h(f) = -f**3 + 6*f**2 + 3*f + 1. Let d be h(7). Let y be 3*-1 - (d - 0). Let s = y + -5. What is the units digit of s?
9
Let x(c) = -4 + 0*c**2 - 2*c**2 - 5*c**3 - 3*c + 7*c**3. What is the tens digit of x(3)?
2
Let g = 2 + 0. Suppose 2*y = -g*y + 16. Let d(p) = 2*p - 1. What is the units digit of d(y)?
7
Let f = 8 - -10. What is the units digit of f?
8
Let u = 5 - 3. Let j = 6 - u. Suppose -j*o + 13 = -19. What is the units digit of o?
8
Suppose -312 = 4*t + 4*n - 16, -t - 80 = 4*n. What is the units digit of 75*(4 - t/(-20))?
0
Suppose -3*n = -10 - 2, -3*n = 3*i - 276. What is the tens digit of i?
8
Let k(j) = j**3 - 6*j**2 - 2*j - 7. Suppose 3*s - 14 = s. What is the units digit of k(s)?
8
Suppose 9 = -5*w + o, -2*o - 7 = w - 3. Let n be (-2)/(-4) - w/(-4). Suppose n*p - 16 = -2*p. What is the units digit of p?
8
Suppose 21*h = 10*h + 990. What is the tens digit of h?
9
Suppose 6*o + 19 = 1051. Suppose o = 3*w + w. What is the tens digit of w?
4
Let r = 99 - 58. What is the tens digit of r?
4
Suppose -35*b + 33*b + 696 = 0. What is the tens digit of b?
4
Let f = 2 - 1. Let c be (2 - f)/1 + 3. Suppose 0 = 2*d - c - 0. What is the units digit of d?
2
Let f(u) = -11*u + 4. What is the tens digit of f(-4)?
4
Suppose 2*c + 2*p - 156 = 0, -2*c - 4*p = -6*c + 328. Suppose -3*u - c = -5*n + 2*u, 0 = 4*u - 12. What is the units digit of n?
9
Suppose -393 + 18 = -c. What is the tens digit of c?
7
Suppose 4*g - 54 = -6. What is the tens digit of g?
1
Let r = 17 - 38. What is the units digit of 1/3 + (-350)/r?
7
Let x(f) = 38*f - 1. Suppose 2*g = -j - j - 8, 2*j = 5*g - 15. What is the units digit of x(g)?
7
Let s = 8 + 15. What is the units digit of 3/(s/(-13) + 2)?
3
Suppose o - 4*t = -169, 5*t = -5*o - 472 - 373. What is the units digit of 14/63 - o/9?
9
Let i(f) = f**3 - f**2 - 3*f + 3. Let m be i(2). Let t be (-5)/4*(-24)/m. Suppose -3*h + t = -0*h. What is the units digit of h?
0
What is the hundreds digit of (-205)/(-2) - (-2 + -1)/(-6)?
1
Let z(f) = -f**3 - 2*f**2 + f + 2. Let r be z(-2). Suppose 2*p + 22 = -4*q - 24, r = 3*q - 2*p + 38. What is the units digit of (q/2)/(3/(-2))?
4
Let i(y) = 2*y**3 - 2*y**2 - 3*y + 2. Let u be (-1)/3 + 14/6. Let j be i(u). Suppose 0 = -j*p + 5*p - 6. What is the units digit of p?
6
Let u(s) = s**2 + 6*s + 6. Let x(b) = -2*b**2 - 12*b - 13. Let t(i) = -5*u(i) - 2*x(i). Let h be (6/(-4))/(2/4). What is the units digit of t(h)?
5
Suppose -4*j + t + 33 = -45, -5*j + t + 98 = 0. Suppose -2*h + j = -6*h. Let l(y) = y**3 + 4*y**2 - 4*y + 7. What is the units digit of l(h)?
2
Suppose 0 = 86*r - 90*r + 1096. What is the tens digit of r?
7
Let j be (-4 - 0)*(-10)/8. Suppose 4*c - 28 = -d + 16, 197 = j*d - 3*c. Suppose -2*x + d = 3*x. What is the units digit of x?
8
Suppose b + 6*g = 2*g + 116, 0 = g + 1. Suppose 0 = -0*n - 5*n + b. What is the units digit of n?
4
Let c(i) be the first derivative of 5*i**4/4 + i**3/3 + 3*i**2/2 - 2*i + 10. What is the tens digit of c(2)?
4
Let l be 7*(-7)/((-98)/(-12)). Let o = 10 - 0. Let u = l + o. What is the units digit of u?
4
What is the tens digit of ((-8)/5)/(12/(-510))?
6
Suppose 0 = 3*j + j - 44. Suppose -2*y + j = 3*q, 0*q = q - 2*y - 9. What is the units digit of q?
5
Suppose 2*v - 3 = v. Let i = v + 3. What is the units digit of 22/((i/3)/1)?
1
Suppose 0 = 5*f - 34 - 1. Suppose 2*a - 35 = f*a. What is the units digit of 0 - -7 - (a + 6)?
8
Let b(k) = -8*k + 4. Let q be b(1). Suppose 0*x + 4*x + 6 = 2*t, 7 = -2*x - 3*t. Let y = x - q. What is the units digit of y?
2
Let v(y) = y**3 + 11*y**2 + 9*y + 10. What is the tens digit of v(-10)?
2
Suppose -2*v = 3*v + 5*t - 30, 3*v = 3*t + 6. Suppose -3*j - v + 30 = 5*a, 0 = -2*j - 4*a + 18. What is the units digit of j?
7
Suppose 5 = -4*x - 2*r - 1, 0 = 3*x + 5*r + 8. What is the tens digit of (-60)/4*x/1?
1
Let f be 32/14 - (-6)/(-21). Suppose 2*b + f*p - 38 = -0*b, 3*p + 62 = 4*b. What is the tens digit of (-3 + 4)*(b + -1)?
1
Let t = 0 - -15. Let l = 21 - t. What is the units digit of l?
6